0. Calculate the remainder when t is divided by (4/3 + -1)*33*1290/330.
39
Let j(n) = 7*n**3 + n + 7. What is the remainder when 3322 is divided by j(0)?
4
Let c(w) be the third derivative of w**5/60 - w**4/24 - 17*w**3/2 + 23*w**2. Let h be c(0). Let s = h - -61. What is the remainder when 17 is divided by s?
7
Suppose 47*l - 9605 - 33917 = 0. Calculate the remainder when l is divided by 21.
2
Let w = -447 + 446. Calculate the remainder when 453 is divided by -2*1 + (-603)/(w + -8).
63
Let k(u) = -5*u + 26. Let q(w) = -w + 1. Let n(l) = k(l) - 3*q(l). What is the remainder when n(8) is divided by 7?
0
Suppose -5*y - 20 = -2*a - 2*y, -a + y = -9. Calculate the remainder when a is divided by ((-8)/16)/((-17)/102).
1
Suppose -2*b + 18610 = 3*n, 107*n = 109*n + 3*b - 12410. Calculate the remainder when n is divided by 141.
139
Suppose 5569 = 6*u - 10330 + 4961. What is the remainder when u is divided by 83?
80
Let c(i) = -34*i**2 + 9*i + 45*i**2 + i**3 + 1 - 5. Suppose k = -3*f + 14 + 21, 0 = f + 3*k - 17. Calculate the remainder when f is divided by c(-10).
5
Let p(k) = -2*k**2 + 8*k + 189. Let h be p(15). Let d = -24 - h. Calculate the remainder when d is divided by 6.
3
Suppose -87*j + 47942 - 3050 = 0. Calculate the remainder when j is divided by 174.
168
Suppose 41*u - 533 + 23 = 7*u. Suppose -2*r + 213 = 5*f, -4*f + 5*r + 88 = -89. Calculate the remainder when f is divided by u.
13
Suppose 2*w = 2*o - 119 - 99, -3*w + 2*o - 322 = 0. Let t = w + 121. Calculate the remainder when 20 is divided by t.
3
Suppose -3*s + 4*s = 3. Suppose s - 18 = -k. Let y(r) = 4*r + 17. What is the remainder when y(10) is divided by k?
12
Suppose -13*q + 38 = -27. Suppose k + 7 = 6*u - 11*u, 0 = -q*u - 10. What is the remainder when 19 is divided by k?
1
Let k(a) = 7*a**3 + 8*a + 944. Calculate the remainder when k(0) is divided by 86.
84
Let i(s) = -12*s**3 + 2*s**2 + 4*s + 16. Calculate the remainder when 1053 is divided by i(-3).
15
Let b = 271 + -153. Let j = b - 41. Let d = j + -60. What is the remainder when d is divided by 6?
5
Calculate the remainder when (2 - (7 - 2))*37/(-3) is divided by 3 + ((-46)/6)/((-6)/18).
11
Let k = -229 - -233. Suppose 5*f = -k*n + 101, n = 3*n + 4*f - 46. Calculate the remainder when 71 is divided by n.
13
Let n = -89 + 107. Let c(j) = 7*j - 10. Let o be c(3). Let g = 45 - o. What is the remainder when g is divided by n?
16
Let i be (171/(-18) - -11)/(6/16). Calculate the remainder when 24/48 + 382/i is divided by 6/(9/3) - -31.
30
Suppose 5*y + 41 = 4*l, -3*l + 6*l + 5*y = 22. Let p = -555 + 550. Calculate the remainder when 57 - (p + (-24)/(-8)) is divided by l.
5
Suppose 4*b = -19 + 87. Calculate the remainder when b/((-3 + (2 - 2))/(-21)) is divided by 12.
11
Suppose -5*n = 5*k + 3065, -3*n - 5*k - 900 = 931. Let q = n - -627. Let i(z) = 2*z**2 + 4*z - 1. What is the remainder when i(-5) is divided by q?
9
Suppose 24*r + 330 = 29*r + 4*a, 5*a + 235 = 3*r. Suppose -4*s + 735 = 5*x, 371 = 3*x + 4*s - r. Calculate the remainder when x is divided by 4*13 + (0 - 2).
47
Suppose -g - 2 = -2*g. Suppose -b - w = 35 - 32, b - 37 = 4*w. What is the remainder when (-20)/(-2)*4/g is divided by b?
0
Suppose 0 = 2*d - 16 - 160. Suppose 0 = 31*o - d*o + 513. What is the remainder when o is divided by 3?
0
Suppose -8*x = -20*x - 3744. Let t = x - -351. What is the remainder when t is divided by 8?
7
Suppose 0 = -222*r + 229*r - 89614. Calculate the remainder when r is divided by 97.
95
Let n = -8 - -5. Let p(a) = a**2 + 4. Let m = 2314 - 2293. Calculate the remainder when m is divided by p(n).
8
What is the remainder when 67 + (-14949)/(-1812) + 6/8 is divided by 0 + (-16)/2*-2?
12
Suppose -5*x - 5*i + 55 = 0, 4*x + 154*i - 48 = 152*i. Suppose 3*w = 2*f - 206, 4*f = 3*w + 258 + 148. What is the remainder when f is divided by x?
9
Let t = 2189 + -1656. What is the remainder when t is divided by 174?
11
Suppose -81 + 319 = 34*b. Let q(z) = 20*z + 2. What is the remainder when q(10) is divided by b?
6
Suppose 146*v + 4*f - 2499 = 143*v, 0 = 2*v - 2*f - 1680. Calculate the remainder when v is divided by 59.
11
Let l be (1 - (-378)/(-35))/((-1)/5). Suppose -3*p + l - 7 = 0. What is the remainder when 753/12 + 4/(13 + 3) is divided by p?
7
Let q = 679 + -1423. Let k be (q/(-36))/((-2)/3). Let b = k - -36. What is the remainder when 22 is divided by b?
2
Suppose 2*a - 306 = -102. Suppose -2*d + 120 - a = 0. Calculate the remainder when 17 is divided by d.
8
Let v = -549 + 185. Let f = v - -578. What is the remainder when f is divided by 24?
22
Suppose 0 = -2*n - 6*p + 5*p + 200, 5*p = 5*n - 470. Let s = n - 71. What is the remainder when 296 is divided by s?
26
Let l = 26856 - 26769. What is the remainder when 604 is divided by l?
82
Let f = 11 - -3. Suppose 0*m - 27 = -m - 5*c, 4*m - 130 = 2*c. What is the remainder when -5 - -1 - (-39 - m) is divided by f?
11
Let x(s) = 234 - 86 - 113 - 2*s. What is the remainder when 18 is divided by x(12)?
7
Let w = -2779 + 2822. What is the remainder when 1718 is divided by w?
41
Let b be (-2)/(-4) - (-650)/100. Let g(w) = w**3 - 9*w**2 + 16*w - 3. Calculate the remainder when -2 + (6 - 2) - -50 is divided by g(b).
8
Let i(c) = -2*c**2 - 800 - 9*c**2 + 6*c**2 + 3*c + 742 - c**3. Calculate the remainder when 90 is divided by i(-7).
14
Suppose -42 = -0*q - 14*q. Suppose -2*u + 53 = p - 4, -5*u + 148 = -q*p. What is the remainder when u is divided by 8?
5
Let k(h) = -h**2 - 92*h - 1388. Calculate the remainder when k(-58) is divided by 45.
44
Let k be (-335 + (-3 - 3) + 1)*7. What is the remainder when k/(-25) - 1/5 is divided by 53?
42
Suppose 85*w - 59874 = -879 - 6295. What is the remainder when w is divided by 56?
4
Let t(o) = 25*o + 553. Let i be t(-22). Let c = 123 + -43. Calculate the remainder when c is divided by -5 - (i/(-27) + (-287)/9).
26
Suppose -24*l = -26*l + 174. Let i = 77 - l. What is the remainder when 42 is divided by (2/(-6))/(i/660)?
20
Suppose -2*j = 2836*s - 2834*s - 58, 0 = -10*j + 3*s + 212. Let n = 30 - 17. What is the remainder when j is divided by n?
10
Suppose -a = 2*x - 25, 378*x + 5*a = 374*x + 35. Calculate the remainder when 4662 is divided by x.
12
Suppose 0*a = 2*a - 8. Let d(h) = h**3 + 10*h**2 + 4*h + 49. Let u = -464 - -454. What is the remainder when d(u) is divided by a?
1
Suppose 96*y - 97*y = -2*p - 2275, 2 = 2*p. Calculate the remainder when y is divided by 20.
17
Let j = -3147 + 3197. What is the remainder when 396 is divided by j?
46
Let f(t) = 2*t**2 + 167*t + 1652. What is the remainder when 3303 is divided by f(-11)?
54
Let p(c) = c**2 - 9*c - 80. Suppose 3*g + 7 = 4*g. Calculate the remainder when (-2 + 6 - g)*-11 is divided by p(15).
3
Let c = -128 - -158. Suppose 5*j = 4*j + c. Calculate the remainder when 56 is divided by j.
26
Suppose -3*f = -5*g + 1571, g - 3*g - 3*f = -641. Suppose -7*h + 9*h - 164 = 5*v, 4*v = 4*h - g. Calculate the remainder when h is divided by 40.
37
Suppose -3*f - 211 - 44 = 0. Let y be 0 + (f - -1)/(-2). Suppose -4*g + 82 + y = 0. Calculate the remainder when g is divided by 8.
7
Let v = 105 + -71. Let c = -54 - -57. What is the remainder when v is divided by ((-68)/(-10) + (-24)/30)*c?
16
Let z(x) = -51*x**2 - 4*x + 3. Let b be z(2). Let p = b + 223. Suppose -2*i - 5*s + 6 = 0, 2*s + 15 = 5*i - 0*i. What is the remainder when p is divided by i?
2
Suppose -3*r - 22 - 6 = -5*v, 4*v - 40 = -2*r. What is the remainder when 597 is divided by v?
5
Let u(m) = -143*m - 2025. Calculate the remainder when 361 is divided by u(-15).
1
Calculate the remainder when (7 + (-52)/6)*-93 is divided by 49.
8
Suppose 24*h - 62 = 850. Calculate the remainder when 1855 is divided by h.
31
Let m be 154/3 - (-14)/21. Let l be 6*(-2)/(-3) + 9 + -27. Let s = l + m. What is the remainder when 189 is divided by s?
37
Suppose -10*s + 5*s = -3*f + 261, 4*f = 5*s + 343. Suppose 1474*j - 1487*j = -338. Calculate the remainder when f is divided by j.
4
Let f(r) = -8*r**3 + 15*r**2 + 47*r + 13. Calculate the remainder when f(-4) is divided by 166.
79
Let d(w) = w**3 - 6*w**2 + 9*w - 5. Let j be d(5). Let a be (-3 - (-231)/j) + (-4)/10. Suppose a = k + k. Calculate the remainder when 75 is divided by k.
3
Suppose 216969 + 175786 + 228423 = 43*a. Calculate the re